= -x**2 + 22*x - 17. Let i be q(8). Calculate the greatest common divisor of 19 and i.
19
Suppose 417 = -4*p + 1077. Suppose 14 = 2*q - 4*j, 5*j = -4*q + 2*j + 72. What is the greatest common factor of q and p?
15
Let z = 24 - -2. What is the highest common factor of z and 39?
13
Let b(g) = -g**2 + 2*g + 4. Let r be b(3). Calculate the highest common factor of 11 and r.
1
Suppose -4*a = 0, -a - 6 = -5*t + 14. Suppose -t*g + g + 63 = 0. Calculate the greatest common divisor of 7 and g.
7
Let b be 496/(-20)*(0 + -5). Suppose -j + 94 = -w, 0 = -j + 2*w - 7*w + b. Calculate the greatest common factor of j and 9.
9
Let q(n) = n**3 - 7*n**2 + 7*n - 7. Let z be q(6). Let a be ((-4)/z - 2)*1. Let o be 65/2 - (-1)/a. What is the highest common factor of 22 and o?
11
Let z be 364/42 + 2/6. What is the greatest common factor of z and 3?
3
Let j = -2 + 6. Suppose -j*o + 15 = o. Suppose 5*d - o = 2*d. What is the greatest common factor of 1 and d?
1
Let o be 66 - 0*(-1)/2. Suppose -n = 3*k + 7, -n + 2 = -4*k - 6*n. Let x = k - -9. What is the highest common divisor of x and o?
6
Suppose 264 = -2*c + 5*c. What is the highest common factor of 11 and c?
11
Let v be 58/4 - 2/(-4). Suppose -4*n + 4*d + 192 = 0, -4*d + 6*d = 4*n - 186. What is the greatest common factor of n and v?
15
Suppose 2*p = 2 + 18. Calculate the highest common factor of p and 15.
5
Let m(j) = j**2 - 10*j - 20. Let f be m(15). Suppose 22 = 2*b - b. What is the greatest common factor of f and b?
11
Let o be 0*(-2)/8*-1. Suppose -t - 4*t - 39 = -b, o = -2*b + 3*t + 57. Calculate the highest common divisor of b and 12.
12
Let y = 74 + -48. Calculate the greatest common divisor of y and 78.
26
Suppose 0 = j - 1, -7*z + 3*z + 40 = -4*j. Calculate the highest common factor of 55 and z.
11
Suppose 0*j - 880 = -4*j. What is the highest common divisor of j and 20?
20
Let b = 11 + -4. Let k(f) = 4*f**2 + f + 3. Let g be k(2). Calculate the highest common factor of b and g.
7
Suppose 0 = -d - 4*d + 15. Suppose -d*t = -45 - 51. What is the highest common factor of t and 8?
8
Let c(t) = t**3 - 7*t**2 + 9*t - 9. Let i = -15 - -21. Let h be c(i). Let o be (12/10)/(44/330). What is the greatest common divisor of h and o?
9
Suppose -6*q = -q. Suppose q = 3*i - 273 - 171. Let o = 228 - i. Calculate the greatest common divisor of o and 16.
16
Let f(u) = -4*u + 7*u**2 + u**3 - u**2 + 3*u**2 - 3 - 3*u**2. Let b be f(-6). What is the greatest common factor of 42 and b?
21
Let j(f) be the third derivative of 41*f**4/24 + 2*f**3/3 + 7*f**2. Let w be j(4). Calculate the highest common factor of w and 21.
21
Suppose 118 = -f + 3*f. Suppose -5*y = 4*r - f, -y - 49 = -5*r + y. What is the highest common divisor of r and 88?
11
Let s = 8 - 6. Let v be 33*(s + (-15)/9). Suppose -o - v = -2*x, -3*x + 4*o = o - 15. What is the greatest common factor of 6 and x?
6
Let s = -2 - -5. Let b = 20 - s. Calculate the highest common factor of 136 and b.
17
Suppose 111 = -c + 3*y, 2*c + c + y + 373 = 0. Let w = c - -211. What is the greatest common divisor of 8 and w?
8
Let w be 934/6 - 1/(-3). Suppose w = 3*r - 84. Calculate the greatest common divisor of 10 and r.
10
Let x(f) = f**2 - 6*f - 8. Let s be x(8). Let o = -1 + 7. Suppose -o = -3*b - 0. Calculate the highest common factor of s and b.
2
Let h = -13 - -24. Let z = h - 9. Suppose -18 = -z*g + 2. What is the highest common factor of 70 and g?
10
Let s be 2 + 1*(54 - 2). Let x be (0 - 36)*(-11)/22. Calculate the highest common factor of s and x.
18
Let v(o) = 3*o. Let q be v(4). What is the greatest common divisor of 4 and q?
4
Suppose -b + 25 = 6. Suppose 3*i + 24 = -i. Let o = i + b. Calculate the greatest common factor of 65 and o.
13
Let a = 2 - -1. Let m(q) = 3*q + 2. Let c be m(a). What is the greatest common divisor of c and 77?
11
Suppose -3*m = 2*m + 4*d - 9, 4*d + 1 = -3*m. Let c(n) = 2*n + 4. Let i be c(m). Suppose -130 = -5*z + 220. Calculate the greatest common factor of i and z.
14
Let z(n) = n**2 - 10*n - 16. Let u be z(12). Let a = 120 - 64. Calculate the greatest common factor of a and u.
8
Let h(v) = v**2 - 11*v + 52. Let k be h(6). What is the highest common divisor of k and 143?
11
Let p = -11 - -18. Let j = 105 - 42. Calculate the greatest common factor of j and p.
7
Let c be (-10)/(-4)*12/(-15) + 4. What is the highest common factor of 3 and c?
1
Let s(h) = 31*h**3 - h**2 + h - 1. Let l be s(1). What is the highest common factor of 6 and l?
6
Let m(b) = 22*b + 8. Let l be m(1). What is the greatest common factor of l and 390?
30
Let w(o) = -o**2 + 4*o. Suppose 4*n - 8 = 12. Let a be w(n). Let y(r) = -8*r + 4. Let f be y(a). Calculate the greatest common divisor of 11 and f.
11
Let r(u) = u**2 - 4*u + 6. Let p be r(5). What is the highest common factor of p and 121?
11
Let m be -2*((3 - 1) + -18). Calculate the highest common factor of m and 128.
32
Let a(o) = o**3 + 6*o**2 - 11*o - 1. Suppose 4*q + 0*q + 32 = 0. Let n be a(q). Let h = n + 73. What is the highest common factor of 16 and h?
16
Let n be (3/(-2))/((-9)/24). Let s(c) = c**3 - 4*c**2 + 3*c + 1. Let j be s(n). What is the greatest common factor of 13 and j?
13
Let b be 9/6 - 17/2. Let z = b + 19. Calculate the greatest common divisor of 132 and z.
12
Suppose 7*p + 52 = 304. Calculate the highest common factor of 54 and p.
18
Let v = -53 + 74. Suppose -2*n + 159 = -135. What is the highest common factor of n and v?
21
Let g = -26 - -37. Suppose -3*p - 78 + 375 = 0. What is the greatest common divisor of g and p?
11
Let n = -95 - -139. What is the highest common divisor of 4 and n?
4
Let x = 85 + -17. What is the greatest common divisor of 17 and x?
17
Let g = -8 - -18. Suppose -2*t = -7*t - g. Let s be (t/(-3))/((-7)/(-21)). Calculate the greatest common divisor of s and 5.
1
Suppose 3*o - 16 - 50 = 0. Let h be (-4)/o + (-3536)/(-88). Calculate the highest common factor of 100 and h.
20
Suppose r - 5 = 2*n + 7, 4*r = -5*n + 48. Suppose 0 = u - 2 + 4. Let j be u/(-3)*6 - -2. What is the highest common factor of r and j?
6
Let r(g) = 45*g - 1 + 1. Let h be r(1). Let i be (h/(-1))/(3/(-2)). Calculate the highest common divisor of i and 12.
6
Suppose 8*b - 132 + 20 = 0. Calculate the highest common divisor of 112 and b.
14
Suppose 2*r - 6 = 0, -3*i - 6 = -7*i + 2*r. Suppose -i*n + x + 3*x = -160, x - 226 = -4*n. Calculate the greatest common divisor of 14 and n.
14
Let w = 21 + -9. Suppose 8 = -5*r + 98. What is the greatest common divisor of w and r?
6
Let y be ((-2)/(-8))/(2/32). Calculate the greatest common divisor of y and 34.
2
Let q(j) = -j**3 - 22*j**2 - 23*j - 2. Let k be q(-21). What is the greatest common divisor of k and 40?
40
Let l = -14 + 32. Suppose 0*o = 3*o - 6. Suppose 4*j = -y + o*j + 126, -j = -y + 126. What is the greatest common divisor of l and y?
18
Let r(t) = 10*t**3 + t**2 - 1. Let g be r(1). Suppose -m + 91 = 1. What is the greatest common divisor of g and m?
10
Let l(f) = 4*f + 9. Let g(j) = j - 1. Let n(h) = -3*g(h) + l(h). Let i be n(-5). Suppose i*o = 4*o + 9. What is the highest common divisor of o and 30?
3
Suppose f + 5 = 6*f. What is the highest common factor of f and 9?
1
Suppose 45 = 3*b - 8*s + 3*s, -2*s + 45 = 3*b. Calculate the highest common divisor of b and 15.
15
Suppose 8*z - 3*z - 335 = -4*l, -4*l - 3*z = -329. Suppose -5*m = 5 - l. What is the highest common divisor of m and 105?
15
Suppose -i = -4*i + 15. Suppose 377 = i*b - 543. What is the highest common divisor of b and 23?
23
Suppose -5*l - 39 = -a - 4, 4*l + 22 = 2*a. Let z = 17 + l. Suppose 108 = 4*p - p. Calculate the highest common divisor of p and z.
9
Let o be 3/4*(-6384)/(-6). Suppose 4*f + 294 - o = 0. What is the highest common divisor of f and 18?
18
Let b(m) = 38*m**2 + 4*m + 6. Let w be b(-3). Calculate the highest common divisor of 42 and w.
42
Let a(u) = -4*u - 4. Let f be a(-4). Let m(o) = -22*o + 1. Let z be m(-3). Suppose -2*i = 19 - z. What is the highest common factor of f and i?
12
Suppose 0 = 5*h - b - 259, 5*h + 4*b = 142 + 97. Suppose 1 = -5*l + h. What is the highest common factor of l and 110?
10
Suppose -7*a + 4*a = -o - 62, 0 = 3*o - 3. Let k = 410 - 347. Calculate the highest common divisor of a and k.
21
Let u be 2/((-4)/((-4)/2)). Suppose 0 = k - 2*k + 3. Suppo